e 15) to base 5.
2211
What is -401 (base 6) in base 11?
-122
Convert -6 (base 12) to base 2.
-110
What is 230 (base 8) in base 6?
412
1 (base 2) to base 14
1
What is -8 (base 16) in base 14?
-8
What is -6 (base 7) in base 6?
-10
Convert 311 (base 9) to base 5.
2003
Convert -11 (base 3) to base 13.
-4
-19 (base 16) to base 15
-1a
-2 (base 11) to base 4
-2
Convert -a2 (base 12) to base 3.
-11112
Convert -5 (base 7) to base 2.
-101
Convert -200 (base 3) to base 9.
-20
Convert 102 (base 4) to base 3.
200
What is 2 (base 10) in base 4?
2
Convert -11110010 (base 2) to base 7.
-464
What is c (base 14) in base 15?
c
What is -1100 (base 2) in base 8?
-14
34 (base 15) to base 11
45
-d (base 15) to base 16
-d
-14 (base 16) to base 7
-26
-1000010 (base 2) to base 13
-51
Convert 6 (base 16) to base 6.
10
What is 1 (base 3) in base 15?
1
What is -11 (base 2) in base 3?
-10
What is 43 (base 8) in base 7?
50
What is 9 (base 11) in base 3?
100
What is -49 (base 15) in base 6?
-153
11 (base 13) to base 5
24
Convert c (base 15) to base 11.
11
-37 (base 12) to base 11
-3a
What is 120 (base 5) in base 3?
1022
What is 10 (base 3) in base 15?
3
Convert -2 (base 15) to base 14.
-2
What is 82 (base 9) in base 3?
2202
What is -1 (base 6) in base 10?
-1
Convert 230 (base 4) to base 13.
35
-3 (base 6) to base 10
-3
What is 107 (base 10) in base 7?
212
What is 11 (base 3) in base 10?
4
What is -442 (base 6) in base 14?
-c2
What is -210 (base 5) in base 13?
-43
-2 (base 4) to base 5
-2
-6 (base 16) to base 2
-110
-4 (base 8) to base 3
-11
What is 7 (base 13) in base 10?
7
What is -123 (base 4) in base 14?
-1d
Convert 11101011 (base 2) to base 4.
3223
10000110 (base 2) to base 11
112
11 (base 16) to base 14
13
-2002 (base 3) to base 5
-211
-34 (base 11) to base 15
-27
121 (base 4) to base 11
23
What is -10110 (base 2) in base 10?
-22
Convert 2013 (base 4) to base 2.
10000111
-20 (base 7) to base 16
-e
-232 (base 7) to base 14
-89
Convert -11 (base 2) to base 5.
-3
Convert -10 (base 4) to base 7.
-4
Convert 31 (base 9) to base 12.
24
4 (base 9) to base 6
4
229 (base 13) to base 16
175
-1011101 (base 2) to base 8
-135
Convert 8 (base 12) to base 2.
1000
What is 8 (base 11) in base 10?
8
Convert 2 (base 10) to base 9.
2
-1 (base 13) to base 6
-1
-20 (base 3) to base 5
-11
Convert 44 (base 5) to base 9.
26
Convert a8 (base 13) to base 11.
116
Convert -101002 (base 3) to base 15.
-132
-22 (base 5) to base 14
-c
Convert -38 (base 15) to base 5.
-203
What is 0 (base 14) in base 4?
0
What is 155 (base 6) in base 16?
47
What is 173 (base 9) in base 14?
a7
What is 0 (base 7) in base 3?
0
-12 (base 3) to base 10
-5
Convert 10 (base 8) to base 6.
12
44 (base 9) to base 6
104
Convert ca (base 16) to base 6.
534
What is 7 (base 14) in base 6?
11
154 (base 6) to base 5
240
What is 36 (base 9) in base 2?
100001
b9 (base 13) to base 6
412
-10021 (base 3) to base 15
-5d
Convert -19 (base 13) to base 10.
-22
-35 (base 10) to base 6
-55
What is -36 (base 15) in base 11?
-47
-10 (base 3) to base 6
-3
23 (base 9) to base 13
18
Convert -46 (base 11) to base 16.
-32
What is 8 (base 9) in base 15?
8
Convert -4 (base 10) to base 2.
-100
What is 100 (base 2) in base 5?
4
What is 65 (base 13) in base 12?
6b
119 (base 14) to base 4
3123
-61 (base 9) to base 4
-313
-13 (base 9) to base 7
-15
What is 2 (base 8) in base 9?
2
-3 (base 7) to base 12
-3
3 (base 16) to base 8
3
What is -10101101 (base 2) in base 9?
-212
Convert 7 (base 8) to base 3.
21
Convert 60 (base 13) to base 2.
1001110
What is -1 (base 16) in base 6?
-1
1 (base 6) to base 10
1
What is 12d (base 14) in base 16?
ed
-11 (base 2) to base 14
-3
Convert -2 (base 9) to base 11.
-2
Convert 13d (base 16) to base 3.
102202
-261 (base 10) to base 4
-10011
What is -76 (base 8) in base 16?
-3e
5 (base 11) to base 15
5
0 (base 16) to base 13
0
Convert 201 (base 8) to base 2.
10000001
Convert -1 (base 16) to base 7.
-1
10 (base 5) to base 2
101
a4 (base 12) to base 15
84
12 (base 9) to base 13
b
-530 (base 7) to base 12
-1a2
What is -1221 (base 4) in base 6?
-253
Convert 17 (base 11) to base 12.
16
7 (base 14) to base 16
7
-a (base 14) to base 15
-a
What is 6 (base 13) in base 2?
110
What is -311 (base 5) in base 15?
-56
What is 10 (base 2) in base 4?
2
-10 (base 2) to base 3
-2
What is 9 (base 10) in base 12?
9
What is 28 (base 11) in base 5?
110
What is -2 (base 3) in base 7?
-2
Convert -1 (base 11) to base 5.
-1
Convert -5 (base 12) to base 5.
-10
6 (base 15) to base 13
6
0 (base 6) to base 4
0
Convert 0 (base 12) to base 10.
0
What is 1 (base 16) in base 9?
1
1432 (base 5) to base 2
11110010
What is 51 (base 10) in base 16?
33
40 (base 8) to base 9
35
-2 (base 15) to base 10
-2
4 (base 14) to base 5
4
What is 7 (base 13) in base 11?
7
Convert 11000001 (base 2) to base 5.
1233
Convert 1d (base 15) to base 11.
26
What is 200 (base 6) in base 11?
66
What is -313 (base 6) in base 7?
-225
-13 (base 8) to base 16
-b
What is 10101 (base 2) in base 3?
210
Convert -3 (base 15) to base 14.
-3
Convert 42 (base 5) to base 12.
1a
Convert -2 (base 5) to base 6.
-2
Convert 1 (base 7) to base 4.
1
-6 (base 15) to base 3
-20
-3 (base 14) to base 3
-10
What is -6 (base 12) in base 14?
-6
1 (base 14) to base 5
1
What is -22 (base 7) in base 13?
-13
Convert -2 (base 8) to base 9.
-2
What is -3 (base 9) in base 10?
-3
-7 (base 16) to base 13
-7
-506 (base 8) to base 14
-194
-4 (base 13) to base 7
-4
Convert -12 (base 3) to base 8.
-5
217 (base 11) to base 9
318
Convert 123 (base 7) to base 12.
56
What is 26 (base 11) in base 7?
40
What is 68 (base 16) in base 15?
6e
Convert 21 (base 3) to base 8.
7
-10 (base 3) to base 12
-3
-1410 (base 5) to base 15
-105
What is -22 (base 7) in base 12?
-14
16 (base 10) to base 7
22
What is -75 (base 9) in base 2?
-1000100
What is 5 (base 16) in base 2?
101
1 (base 15) to base 3
1
Convert -44 (base 14) to base 5.
-220
1 (base 10) to base 16
1
Convert 10001100 (base 2) to base 6.
352
Convert -101111 (base 2) to base 9.
-52
Convert 5 (base 10) to base 2.
101
Convert 6 (base 9) to base 8.
6
Convert 4 (base 10) to base 15.
4
What is 2a (base 16) in base 9?
46
Convert 132 (base 9) to base 5.
420
-105 (base 7) to base 10
-54
What is -10 (base 5) in base 12?
-5
Convert 2 (base 4) to base 12.
2
What is -5 (base 11) in base 15?
-5
What is 0 (base 3) in base 11?
0
What is 0 (base 10) in base 2?
0
20 (base 10) to base 7
26
What is -12 (base 4) in base 14?
-6
What is -51 (base 16) in base 11?
-74
32 (base 4) to base 15
e
7 (base 16) to base 6
11
101 (base 11) to base 12
a2
What is -5 (base 15) in base 12?
-5
Convert 5 (base 10) to base 14.
5
25 (base 8) to base 14
17
-3 (base 11) to base 2
-11
-3 (base 15) to base 4
-3
1 (base 7) to base 6
1
2 (base 10) to base 9
2
Convert 0 (base 6) to base 8.
0
Convert -21 (base 15) to base 9.
-34
3c (base 15) to base 3
2010
Convert 23 (base 4) to base 10.
11
-8 (base 12) to base 4
-20
Convert 331 (base 6) to base 3.
11201
What is -3c (base 15) in base 7?
-111
What is 112 (base 5) in base 4?
200
Convert 17 (base 15) to base 16.
16
100 (base 4) to base 14
12
Convert 17 (base 8) to base 3.
120
0 (base 5) to base 3
0
-12 (base 12) to base 8
-16
Convert -19 (base 11) to base 6.
-32
Convert 83 (base 10) to base 14.
5d
11 (base 4) to base 11
5
Convert 3 (base 11) to base 5.
3
What is -4 (base 13) in base 14?
-4
What is 175 (base 8) in base 16?
7d
What is 22 (base 4) in base 6?
14
45 (base 7) to base 12
29
What is -2 (base 11) in base 13?
-2
1 (base 16) to base 10
1
Convert -4 (base 5) to base 2.
-100
Convert 7 (base 13) to base 6.
11
What is 1011 (base 4) in base 5?
234
-102 (base 5) to base 14
-1d
0 (base 13) to base 10
0
21 (base 4) to base 9
10
What is 1 (base 2) in base 12?
1
-24 (base 9) to base 16
-16
Convert 2301 (base 4) to base 14.
c9
What is -133 (base 7) in base 5?
-243
10 (base 3) to base 15
3
Convert 11 (base 3) to base 7.
4
What is -35 (base 14) in base 3?
-1202
Convert 3 (base 6) to base 15.
3
-1 (base 12) to base 4
-1
Convert 115 (base 15) to base 11.
203
What is -46 (base 9) in base 4?
-222
What is 34 (base 16) in base 4?
310
What is 65 (base 15) in base 16?
5f
What is 1222 (base 3) in base 13?
41
e (base 16) to base 9
15
What is 17 (base 11) in base 9?
20
What is -11 (base 10) in base 13?
-b
W